f 24 and m?
24
Suppose 2*i + i = -5*n - 13, 0 = -3*i - 3*n - 3. Let g be i + (23 - 25/5). Let b be (-56)/(-1) - (0 - -1). Calculate the highest common factor of b and g.
11
Let j(r) = -140*r + 817. Let x be j(5). What is the highest common factor of 90 and x?
9
Let m(i) = -3*i**3 - 16*i**2 + 23*i + 150. Let q be m(-5). Calculate the greatest common factor of q and 2570.
10
Suppose 13*r - 27*b - 177 = -23*b, -5*b = 10. What is the greatest common factor of 1716 and r?
13
Let q(d) = -d**2 + 10*d - 19. Let p be q(7). Suppose -3*f + 3*a = -282, f + 3*a + 92 = p*f. Suppose -55 = -y - 17. What is the highest common factor of f and y?
19
Let d = 5 - -6. Let q(h) = 2*h**2 + 11*h + 4. Let i be q(-5). Let j be 0/i - (-77 + -22). Calculate the greatest common divisor of d and j.
11
Let x(h) = -3*h**3 + 63*h**2 - 2*h + 57. Let r be x(21). Suppose -r = 3*f, m + 2*f - 624 = -4. Calculate the highest common divisor of 180 and m.
90
Suppose 97895 - 16625 = 43*m. Calculate the greatest common divisor of m and 308.
14
Let u be 24/84 - 640/(-14). Let o be ((-4048)/110)/(-2 + 9/5). Calculate the greatest common factor of u and o.
46
Suppose 0 = 363*s - 32891 + 14173 - 13226. Calculate the greatest common divisor of 1848 and s.
88
Suppose -2*t - 3*t = b - 12, -3*t = -3*b. Suppose 3*x = -0*c + c - 185, 64 = -x - t*c. Let n = x - -101. What is the highest common divisor of n and 13?
13
Suppose 7*i - 138 = i. Let b(c) = i + 9*c + 6*c**2 - 24*c**2 + 11*c**2 + 9*c**2. Let f be b(-4). Calculate the highest common factor of f and 19.
19
Suppose 3*a + 16*i - 13*i - 270 = 0, 4*a - 333 = 5*i. Suppose c - 5*f = 237, -5*c = -2*c - 4*f - 700. What is the greatest common divisor of c and a?
29
Suppose -15 = 2*w - 19. Suppose g - c = 364, -w*c - 397 - 1435 = -5*g. Calculate the greatest common divisor of g and 16.
16
Let o(s) = s**2 - 14*s**3 - 10*s**3 + 1 + 26*s**3 + 2*s. Let i be o(-1). Let z be 990/81 + i/9 + 0. What is the highest common divisor of 24 and z?
12
Let s(i) = i**3 + 122*i**2 - 241*i + 877. Let o be s(-124). Calculate the greatest common divisor of 1674 and o.
9
Let p(h) = h**2 + 3*h - 2. Suppose 19 = -4*v - 1. Let q be p(v). Let n be 12/(-8) - (3 + (-68)/8). Calculate the highest common divisor of q and n.
4
Let z = 4046 + -4030. Let r(s) = 7*s**2 + 8*s + 4. Let b be r(6). Calculate the greatest common divisor of z and b.
16
Suppose 20*k + 34*k - 43308 = 0. Let w = k + -671. What is the greatest common divisor of 1 and w?
1
Let p(i) = 2*i**3 - 17*i**2 + 33*i + 82. Let y be p(5). Calculate the highest common divisor of y and 72.
72
Suppose -43*v + 42*v = -18. Suppose i - 154 = -4*y, 0 = v*i - 13*i - 5*y - 770. What is the highest common factor of i and 88?
22
Let s = 708 + 5172. What is the highest common factor of s and 120?
120
Suppose 0 = 5*n + a - 91, 3*n = -5*a + 59. Let s be ((-3)/(-6))/((-1)/(-4)). Suppose 13 = -s*u + 85. What is the greatest common divisor of u and n?
18
Let c = 5 - -1. Suppose -c*q + 7*q + 12 = 0. Let n be (0 - 2)*6/q. Calculate the highest common factor of 2 and n.
1
Let y = -4811 - -4826. Let l be (0 - 1)*-2 + 1. Suppose 4*o - 5*z - 520 = 0, 5*o + l*z = 3*o + 282. Calculate the highest common factor of o and y.
15
Suppose -6*h - h = -42. Suppose -135 + 33 = -h*y. Suppose -4*x + 510 = x. Calculate the highest common divisor of x and y.
17
Let v = -29855 + 34315. Calculate the highest common factor of 60 and v.
20
Let w(l) = -l**3 - 110*l**2 + 114*l + 405. Let t be w(-111). What is the greatest common divisor of t and 888?
24
Let d(r) = r**3 - 69*r**2 + 80*r + 465. Let w be d(68). What is the highest common divisor of 315 and w?
21
Let s(z) = -167*z + 1522. Let f be s(9). Let m(l) = 48*l + 7. Let q be m(5). Calculate the highest common divisor of f and q.
19
Suppose -4*t = -11*t + 19229. Suppose 8*w = 787 - t. Let o = 393 + w. Calculate the greatest common divisor of 37 and o.
37
Let d(q) = -6*q**3 - 246*q**2 - 3*q - 11. Let x be d(-41). What is the greatest common divisor of x and 2408?
56
Suppose 0 = -3*j + 9, -451*j + 449*j = -5*f + 33384. Calculate the highest common factor of f and 252.
126
Suppose -15*u - 19*u = -718403 + 71315. What is the greatest common factor of u and 39?
39
Let x = 585 + -387. Let f(c) = -2*c**2 + 29*c - 41. Let m be f(11). Calculate the highest common factor of x and m.
18
Let z be (41 + (-1)/(-1))*1. Suppose -25*q = -43*q + 72. Suppose -q*d = -0*d - 4*h - 100, 9 = 3*h. Calculate the greatest common factor of z and d.
14
Suppose b = -b. Suppose b = i + i - 52. Let p = -86459 - -86563. What is the highest common divisor of i and p?
26
Let c(t) = -100*t**3 + 29*t**2 - t + 34. Let k be c(-4). Calculate the highest common divisor of 14 and k.
14
Let y(z) = -24*z + 290. Let l be y(-28). What is the highest common factor of 26 and l?
26
Let g(b) be the second derivative of -23*b**3/6 - 31*b**2/2 + 106*b. Let h be g(-5). Calculate the highest common divisor of h and 28.
28
Let h = 354 - 137. Suppose -16*x + 2*m = -18*x + 116, -4*x - m + h = 0. Calculate the highest common factor of 318 and x.
53
Let l(i) = -i**3 - 53*i**2 - 472*i + 14. Let n be l(-10). Let y = -117 - -179. What is the highest common divisor of y and n?
62
Suppose a = 21 - 14. Suppose 9*s = a*s + 64. Calculate the greatest common factor of s and 8.
8
Let b(j) = 67*j - 2657. Let l be b(57). What is the greatest common factor of l and 664?
166
Let c(q) = 630*q**2 + 38*q - 3. Let t be c(8). Let g be (-14)/(-63) + t/63. What is the greatest common divisor of g and 15?
15
Let u = -4575 - -5412. What is the highest common divisor of u and 62?
31
Let i be (6880/64)/(1/4). What is the greatest common factor of 35 and i?
5
Let w = -8883 - -8887. What is the greatest common divisor of w and 5324?
4
Suppose 2*h = -0*h + 10. Suppose -253 + 68 = -h*x. Suppose -115*j - 3571 = -12081. What is the greatest common factor of x and j?
37
Let j = -1731 + 1789. What is the highest common factor of 551 and j?
29
Let t(m) = -3*m + 21. Let d be t(-17). Suppose 76*k - 144 = d*k. Calculate the highest common factor of k and 324.
36
Suppose 2*j + 20 = 3*y, -120 = -5*y - j - 65. What is the highest common factor of y and 2430?
10
Suppose -18*y + 910 = 1508 - 1228. Calculate the highest common divisor of y and 1988.
7
Suppose 354*w - 27754 = 2793 + 29987. Suppose 2*n - 2 = 4. Calculate the highest common factor of n and w.
3
Let r = 606 - 304. Let n be r + 10 + 8 + -10. Calculate the highest common divisor of n and 10.
10
Suppose 258 = 2*l - 4*p, -10*l + 137 = -9*l - 4*p. Calculate the highest common factor of l and 10043.
121
Let x = -34 - -5. Let k = 47 + x. Calculate the greatest common divisor of k and 8.
2
Let f(z) = 3*z**2 - 5*z - 37. Let o(s) = 7*s**2 - 12*s - 75. Let u(m) = -5*f(m) + 2*o(m). Let j be u(6). What is the greatest common divisor of 10 and j?
5
Suppose 3 - 43 = -5*q. Calculate the highest common divisor of q and 536.
8
Let s be 3/8 - ((-5 - -6) + 53/(-8)). Suppose -4*o - 352 = -2*d, -o - 378 = -3*d + 145. Calculate the greatest common divisor of s and d.
6
Let o(r) = 20*r + 656. Let j be o(-25). What is the greatest common factor of j and 108?
12
Let l = -69 + 90. Suppose l*i - 2822 = 2218. What is the highest common factor of 15 and i?
15
Suppose 169*z - 18984 = 356 + 2968. What is the greatest common factor of z and 2574?
66
Let d(q) = -q + 2. Let x be d(6). Let b be 4 - (-16)/(x/1). Suppose -4*l - 5*y = -125, b = 3*y - 1 - 2. What is the greatest common divisor of l and 12?
6
Suppose 4*f = -2*x + 524, 5*f + 4*x - 303 = 361. Calculate the greatest common divisor of 496 and f.
16
Suppose -d + 4 = -w - 5*d, 4*w = -4*d + 20. Suppose -a - 3*m = -0*m - 17, a = 2*m - w. Suppose a*i = 12 + 42. Calculate the greatest common factor of 9 and i.
9
Suppose h = u - 196, -7*u - 2*h - 587 = -10*u. Suppose 0 = 13*d - 588 - 933. What is the highest common factor of d and u?
39
Let h be (-15)/10 - (-35)/2. Let l be 6/h - 2385/(-40). What is the highest common factor of 40 and l?
20
Let s(j) = -11*j + 212 - 19*j + 5*j + 194 - j. Let q be s(11). Calculate the greatest common divisor of q and 90.
30
Suppose -63 + 81 = 9*u. Let f = 201 + -163. What is the highest common divisor of u and f?
2
Let q be 7/3*(-108)/(-126) + 2030. What is the greatest common divisor of q and 381